t are the prime factors of 9022?
2, 13, 347
What are the prime factors of 8154?
2, 3, 151
List the prime factors of 3536.
2, 13, 17
What are the prime factors of 4904?
2, 613
What are the prime factors of 8165?
5, 23, 71
List the prime factors of 12904.
2, 1613
What are the prime factors of 74809?
7, 10687
What are the prime factors of 5995?
5, 11, 109
What are the prime factors of 14596?
2, 41, 89
What are the prime factors of 41489?
7, 5927
What are the prime factors of 261?
3, 29
What are the prime factors of 2625?
3, 5, 7
List the prime factors of 2693.
2693
List the prime factors of 7394.
2, 3697
List the prime factors of 2621.
2621
What are the prime factors of 21185?
5, 19, 223
List the prime factors of 98623.
7, 73, 193
What are the prime factors of 319?
11, 29
What are the prime factors of 7652?
2, 1913
List the prime factors of 15438.
2, 3, 31, 83
What are the prime factors of 1888?
2, 59
What are the prime factors of 57355?
5, 11471
What are the prime factors of 51878?
2, 25939
List the prime factors of 39.
3, 13
What are the prime factors of 2553?
3, 23, 37
List the prime factors of 117477.
3, 19, 229
What are the prime factors of 5326?
2, 2663
List the prime factors of 1469.
13, 113
List the prime factors of 37721.
67, 563
What are the prime factors of 9081?
3, 1009
What are the prime factors of 484?
2, 11
List the prime factors of 93528.
2, 3, 433
What are the prime factors of 31129?
7, 4447
List the prime factors of 45601.
31, 1471
What are the prime factors of 1832?
2, 229
List the prime factors of 25878.
2, 3, 19, 227
List the prime factors of 14151.
3, 53, 89
List the prime factors of 6311.
6311
What are the prime factors of 27944?
2, 7, 499
What are the prime factors of 7552?
2, 59
What are the prime factors of 35192?
2, 53, 83
List the prime factors of 2658.
2, 3, 443
List the prime factors of 32198.
2, 17, 947
What are the prime factors of 91701?
3, 23, 443
List the prime factors of 735.
3, 5, 7
What are the prime factors of 119?
7, 17
List the prime factors of 12233.
13, 941
What are the prime factors of 164312?
2, 19, 23, 47
What are the prime factors of 1792?
2, 7
List the prime factors of 465.
3, 5, 31
What are the prime factors of 798?
2, 3, 7, 19
What are the prime factors of 33378?
2, 3, 5563
What are the prime factors of 4899?
3, 23, 71
List the prime factors of 59712.
2, 3, 311
What are the prime factors of 41984?
2, 41
List the prime factors of 1616.
2, 101
What are the prime factors of 2150?
2, 5, 43
What are the prime factors of 16166?
2, 59, 137
List the prime factors of 1242.
2, 3, 23
List the prime factors of 34729.
34729
List the prime factors of 8371.
11, 761
What are the prime factors of 13502?
2, 43, 157
What are the prime factors of 92888?
2, 17, 683
List the prime factors of 4493.
4493
What are the prime factors of 32559?
3, 10853
List the prime factors of 5593.
7, 17, 47
What are the prime factors of 5835?
3, 5, 389
What are the prime factors of 1288?
2, 7, 23
List the prime factors of 93596.
2, 23399
List the prime factors of 6913.
31, 223
List the prime factors of 77719.
77719
What are the prime factors of 12635?
5, 7, 19
List the prime factors of 4792.
2, 599
List the prime factors of 40860.
2, 3, 5, 227
What are the prime factors of 80160?
2, 3, 5, 167
List the prime factors of 24750.
2, 3, 5, 11
What are the prime factors of 4054?
2, 2027
What are the prime factors of 24326?
2, 12163
List the prime factors of 25969.
25969
List the prime factors of 642.
2, 3, 107
List the prime factors of 116647.
67, 1741
What are the prime factors of 87321?
3, 13, 2239
List the prime factors of 90012.
2, 3, 13, 577
List the prime factors of 4764.
2, 3, 397
What are the prime factors of 11078?
2, 29, 191
List the prime factors of 52038.
2, 3, 7, 59
List the prime factors of 46171.
46171
What are the prime factors of 871?
13, 67
List the prime factors of 2850.
2, 3, 5, 19
What are the prime factors of 752?
2, 47
What are the prime factors of 1422?
2, 3, 79
List the prime factors of 32467.
32467
What are the prime factors of 4270?
2, 5, 7, 61
List the prime factors of 4048.
2, 11, 23
What are the prime factors of 15996?
2, 3, 31, 43
List the prime factors of 17793.
3, 659
What are the prime factors of 4891?
67, 73
List the prime factors of 101319.
3, 33773
What are the prime factors of 14047?
11, 1277
List the prime factors of 999.
3, 37
List the prime factors of 70321.
70321
What are the prime factors of 85?
5, 17
List the prime factors of 46025.
5, 7, 263
List the prime factors of 59955.
3, 5, 7, 571
What are the prime factors of 225?
3, 5
List the prime factors of 1040.
2, 5, 13
What are the prime factors of 2120?
2, 5, 53
What are the prime factors of 23766?
2, 3, 17, 233
List the prime factors of 40588.
2, 73, 139
List the prime factors of 33778.
2, 16889
List the prime factors of 16484.
2, 13, 317
List the prime factors of 125032.
2, 15629
What are the prime factors of 49752?
2, 3, 691
List the prime factors of 654.
2, 3, 109
What are the prime factors of 2801?
2801
List the prime factors of 7012.
2, 1753
What are the prime factors of 526?
2, 263
What are the prime factors of 14735?
5, 7, 421
What are the prime factors of 1203?
3, 401
What are the prime factors of 76717?
76717
What are the prime factors of 43256?
2, 5407
List the prime factors of 1014.
2, 3, 13
List the prime factors of 9163.
7, 11, 17
List the prime factors of 1662.
2, 3, 277
List the prime factors of 44298.
2, 3, 23, 107
List the prime factors of 249.
3, 83
What are the prime factors of 106?
2, 53
What are the prime factors of 105067?
29, 3623
List the prime factors of 727.
727
List the prime factors of 11955.
3, 5, 797
What are the prime factors of 9279?
3, 1031
What are the prime factors of 45107?
43, 1049
What are the prime factors of 6015?
3, 5, 401
What are the prime factors of 382?
2, 191
List the prime factors of 2862.
2, 3, 53
What are the prime factors of 70084?
2, 7, 2503
What are the prime factors of 25007?
17, 1471
List the prime factors of 13025.
5, 521
List the prime factors of 2241.
3, 83
List the prime factors of 13844.
2, 3461
What are the prime factors of 2936?
2, 367
List the prime factors of 5331.
3, 1777
List the prime factors of 3345.
3, 5, 223
What are the prime factors of 494?
2, 13, 19
List the prime factors of 55380.
2, 3, 5, 13, 71
What are the prime factors of 25145?
5, 47, 107
What are the prime factors of 5290?
2, 5, 23
What are the prime factors of 357?
3, 7, 17
List the prime factors of 879.
3, 293
What are the prime factors of 1298?
2, 11, 59
List the prime factors of 1742.
2, 13, 67
What are the prime factors of 70327?
70327
What are the prime factors of 7039?
7039
List the prime factors of 21598.
2, 10799
List the prime factors of 2011.
2011
List the prime factors of 28598.
2, 79, 181
List the prime factors of 1423.
1423
List the prime factors of 2126.
2, 1063
List the prime factors of 81079.
89, 911
What are the prime factors of 12736?
2, 199
What are the prime factors of 151?
151
What are the prime factors of 161458?
2, 11, 41, 179
What are the prime factors of 4637?
4637
What are the prime factors of 3510?
2, 3, 5, 13
What are the prime factors of 9609?
3, 3203
List the prime factors of 24127.
23, 1049
What are the prime factors of 35680?
2, 5, 223
What are the prime factors of 3128?
2, 17, 23
What are the prime factors of 14331?
3, 17, 281
What are the prime factors of 20508?
2, 3, 1709
What are the prime factors of 34431?
3, 23, 499
List the prime factors of 659.
659
What are the prime factors of 183748?
2, 71, 647
What are the prime factors of 5689?
5689
What are the prime factors of 2565?
3, 5, 19
What are the prime factors of 1220?
2, 5, 61
What are the prime factors of 8961?
3, 29, 103
What are the prime factors of 30928?
2, 1933
List the prime factors of 2222.
2, 11, 101
What are the prime factors of 26813?
26813
List the prime factors of 19553.
19553
What are the prime factors of 41520?
2, 3, 5, 173
List the prime factors of 2235.
3, 5, 149
List the prime factors of 542.
2, 271
List the prime factors of 2856.
2, 3, 7, 17
What are the prime factors of 25790?
2, 5, 2579
List the prime factors of 3858.
2, 3, 643
What are the prime factors of 34404?
2, 3, 47, 61
What are the prime factors of 381